{"id":18,"date":"2024-03-29T10:24:45","date_gmt":"2024-03-29T09:24:45","guid":{"rendered":"https:\/\/ergo-vannes.fr\/?page_id=18"},"modified":"2024-04-02T17:44:59","modified_gmt":"2024-04-02T15:44:59","slug":"ergotherapie","status":"publish","type":"page","link":"https:\/\/ergo-vannes.fr\/index.php\/ergotherapie\/","title":{"rendered":"Ergoth\u00e9rapie"},"content":{"rendered":"\n<div class=\"wp-block-cover alignfull is-light\" style=\"min-height:350px;aspect-ratio:unset;\"><span aria-hidden=\"true\" class=\"wp-block-cover__background has-background-dim\"><\/span><img loading=\"lazy\" decoding=\"async\" width=\"2560\" height=\"1920\" class=\"wp-block-cover__image-background wp-image-78\" alt=\"\" src=\"https:\/\/ergo-vannes.fr\/wp-content\/uploads\/2024\/04\/Ordinateur-sac-cahier-scaled.jpg\" data-object-fit=\"cover\" srcset=\"https:\/\/ergo-vannes.fr\/wp-content\/uploads\/2024\/04\/Ordinateur-sac-cahier-scaled.jpg 2560w, https:\/\/ergo-vannes.fr\/wp-content\/uploads\/2024\/04\/Ordinateur-sac-cahier-300x225.jpg 300w, https:\/\/ergo-vannes.fr\/wp-content\/uploads\/2024\/04\/Ordinateur-sac-cahier-1024x768.jpg 1024w, https:\/\/ergo-vannes.fr\/wp-content\/uploads\/2024\/04\/Ordinateur-sac-cahier-768x576.jpg 768w, https:\/\/ergo-vannes.fr\/wp-content\/uploads\/2024\/04\/Ordinateur-sac-cahier-1536x1152.jpg 1536w, https:\/\/ergo-vannes.fr\/wp-content\/uploads\/2024\/04\/Ordinateur-sac-cahier-2048x1536.jpg 2048w\" sizes=\"auto, (max-width: 2560px) 100vw, 2560px\" \/><div class=\"wp-block-cover__inner-container has-global-padding is-layout-constrained wp-container-core-cover-is-layout-4383d167 wp-block-cover-is-layout-constrained\">\n<h2 class=\"wp-block-heading has-text-align-center has-text-color has-link-color has-suranna-font-family wp-elements-7501b5bb1dfc90c75192e151ddd90f88\" style=\"color:#ffffff;font-size:clamp(33.419px, 2.089rem + ((1vw - 3.2px) * 3.021), 60px);font-style:normal;font-weight:500\">D\u00e9couvrez l&rsquo;ergoth\u00e9rapie<\/h2>\n<\/div><\/div>\n\n\n\n<div class=\"wp-block-group alignfull has-global-padding is-layout-constrained wp-container-core-group-is-layout-4383d167 wp-block-group-is-layout-constrained\">\n<div class=\"wp-block-group alignwide has-global-padding is-layout-constrained wp-container-core-group-is-layout-3dead192 wp-block-group-is-layout-constrained\" style=\"margin-top:0;margin-bottom:0;padding-top:80px;padding-bottom:80px\">\n<div class=\"wp-block-columns alignwide is-layout-flex wp-container-core-columns-is-layout-9cf8123d wp-block-columns-is-layout-flex\">\n<div class=\"wp-block-column is-layout-flow wp-block-column-is-layout-flow\">\n<figure class=\"wp-block-image size-large\"><img loading=\"lazy\" decoding=\"async\" width=\"1024\" height=\"768\" src=\"https:\/\/ergo-vannes.fr\/wp-content\/uploads\/2024\/04\/IMG_20210506_104809-1024x768.jpg\" alt=\"\" class=\"wp-image-82\" style=\"aspect-ratio:4\/3;object-fit:cover\" srcset=\"https:\/\/ergo-vannes.fr\/wp-content\/uploads\/2024\/04\/IMG_20210506_104809-1024x768.jpg 1024w, https:\/\/ergo-vannes.fr\/wp-content\/uploads\/2024\/04\/IMG_20210506_104809-300x225.jpg 300w, https:\/\/ergo-vannes.fr\/wp-content\/uploads\/2024\/04\/IMG_20210506_104809-768x576.jpg 768w, https:\/\/ergo-vannes.fr\/wp-content\/uploads\/2024\/04\/IMG_20210506_104809-1536x1152.jpg 1536w, https:\/\/ergo-vannes.fr\/wp-content\/uploads\/2024\/04\/IMG_20210506_104809-2048x1536.jpg 2048w\" sizes=\"auto, (max-width: 1024px) 100vw, 1024px\" \/><\/figure>\n<\/div>\n\n\n\n<div class=\"wp-block-column is-vertically-aligned-center is-layout-flow wp-block-column-is-layout-flow\" style=\"padding-left:15px\">\n<h2 class=\"wp-block-heading has-text-color has-link-color has-suranna-font-family wp-elements-8f30eac3da70cb2d1f114fb05fe5ac5f\" style=\"color:#000000;font-size:clamp(32.518px, 2.032rem + ((1vw - 3.2px) * 2.896), 58px);font-style:normal;font-weight:500;line-height:0.7\">Notre histoire<\/h2>\n\n\n\n<p class=\"has-text-color has-link-color has-outfit-font-family wp-elements-72a7025f07293dd8e3a95d454ff44a5d\" style=\"color:#000000;font-size:clamp(14px, 0.875rem + ((1vw - 3.2px) * 0.455), 18px);font-style:normal;font-weight:400\">Notre passion est d&rsquo;aider les personnes de tous \u00e2ges \u00e0 vivre pleinement leur vie. Notre \u00e9quipe d&rsquo;ergoth\u00e9rapeutes d\u00e9vou\u00e9s en Bretagne, plus pr\u00e9cis\u00e9ment \u00e0 Vannes et dans les environs, s&rsquo;engage \u00e0 fournir un soutien sur mesure et des strat\u00e9gies pour aider les enfants, les adolescents et les adultes \u00e0 surmonter tous les d\u00e9fis auxquels ils peuvent \u00eatre confront\u00e9s. Nous sommes l\u00e0 pour permettre \u00e0 nos clients de s&rsquo;\u00e9panouir dans leurs activit\u00e9s quotidiennes, que ce soit \u00e0 la maison, \u00e0 l&rsquo;\u00e9cole ou au travail.<\/p>\n\n\n\n<div class=\"wp-block-buttons is-layout-flex wp-block-buttons-is-layout-flex\">\n<div class=\"wp-block-button has-custom-font-size has-outfit-font-family\" style=\"font-size:clamp(14px, 0.875rem + ((1vw - 3.2px) * 0.455), 18px);\"><a class=\"wp-block-button__link has-text-color has-background has-link-color wp-element-button\" href=\"#\" style=\"border-radius:0px;color:#ffffff;background-color:#528d8e;padding-top:8px;padding-right:60px;padding-bottom:8px;padding-left:60px\">Donner les moyens d&rsquo;agir<\/a><\/div>\n<\/div>\n<\/div>\n<\/div>\n\n\n\n<div class=\"wp-block-columns alignwide is-layout-flex wp-container-core-columns-is-layout-8fd49b0b wp-block-columns-is-layout-flex\" style=\"padding-top:80px\">\n<div class=\"wp-block-column is-vertically-aligned-center is-layout-flow wp-block-column-is-layout-flow\" style=\"padding-right:15px\">\n<h2 class=\"wp-block-heading has-text-color has-link-color has-suranna-font-family wp-elements-c55cc41eefbf1c80d20ba6542b05b600\" style=\"color:#000000;font-size:clamp(32.518px, 2.032rem + ((1vw - 3.2px) * 2.896), 58px);font-style:normal;font-weight:500;line-height:0.7\">Notre approche<\/h2>\n\n\n\n<p class=\"has-text-color has-link-color has-outfit-font-family wp-elements-471943babb4d4ea17d27eb33cf261cdd\" style=\"color:#000000;font-size:clamp(14px, 0.875rem + ((1vw - 3.2px) * 0.455), 18px);font-style:normal;font-weight:400\">Dans notre approche, nous privil\u00e9gions les soins personnalis\u00e9s et les solutions pratiques. Notre \u00e9quipe d&rsquo;ergoth\u00e9rapeutes exp\u00e9riment\u00e9s en Bretagne, au service de Vannes et des r\u00e9gions avoisinantes, se consacre \u00e0 favoriser l&rsquo;ind\u00e9pendance et \u00e0 am\u00e9liorer la qualit\u00e9 de vie de chaque personne avec laquelle nous travaillons. Gr\u00e2ce \u00e0 une combinaison d&#8217;empathie et de pratiques fond\u00e9es sur des preuves, nous nous effor\u00e7ons de comprendre les besoins uniques de chaque client et de leur fournir les outils et le soutien dont ils ont besoin pour atteindre leur plein potentiel.<\/p>\n\n\n\n<div class=\"wp-block-buttons is-layout-flex wp-block-buttons-is-layout-flex\">\n<div class=\"wp-block-button has-custom-font-size has-outfit-font-family\" style=\"font-size:clamp(14px, 0.875rem + ((1vw - 3.2px) * 0.455), 18px);\"><a class=\"wp-block-button__link has-text-color has-background has-link-color wp-element-button\" href=\"#\" style=\"border-radius:0px;color:#ffffff;background-color:#528d8e;padding-top:8px;padding-right:60px;padding-bottom:8px;padding-left:60px\">Commencer<\/a><\/div>\n<\/div>\n<\/div>\n\n\n\n<div class=\"wp-block-column is-layout-flow wp-block-column-is-layout-flow\">\n<figure class=\"wp-block-image size-full\"><img loading=\"lazy\" decoding=\"async\" width=\"2560\" height=\"1440\" src=\"https:\/\/ergo-vannes.fr\/wp-content\/uploads\/2024\/04\/20180716_120237-scaled.jpg\" alt=\"\" class=\"wp-image-81\" style=\"aspect-ratio:4\/3;object-fit:cover\" srcset=\"https:\/\/ergo-vannes.fr\/wp-content\/uploads\/2024\/04\/20180716_120237-scaled.jpg 2560w, https:\/\/ergo-vannes.fr\/wp-content\/uploads\/2024\/04\/20180716_120237-300x169.jpg 300w, https:\/\/ergo-vannes.fr\/wp-content\/uploads\/2024\/04\/20180716_120237-1024x576.jpg 1024w, https:\/\/ergo-vannes.fr\/wp-content\/uploads\/2024\/04\/20180716_120237-768x432.jpg 768w, https:\/\/ergo-vannes.fr\/wp-content\/uploads\/2024\/04\/20180716_120237-1536x864.jpg 1536w, https:\/\/ergo-vannes.fr\/wp-content\/uploads\/2024\/04\/20180716_120237-2048x1152.jpg 2048w\" sizes=\"auto, (max-width: 2560px) 100vw, 2560px\" \/><\/figure>\n<\/div>\n<\/div>\n<\/div>\n<\/div>\n\n\n\n<section class=\"wp-block-cover alignfull is-light\" style=\"margin-top:0px;padding-top:1.01rem;padding-bottom:1.01rem;min-height:750px;aspect-ratio:unset;\"><span aria-hidden=\"true\" class=\"wp-block-cover__background has-background-dim-0 has-background-dim\" style=\"background-color:#edf1f2\"><\/span><img loading=\"lazy\" decoding=\"async\" width=\"2560\" height=\"1440\" class=\"wp-block-cover__image-background wp-image-83\" alt=\"\" src=\"https:\/\/ergo-vannes.fr\/wp-content\/uploads\/2024\/04\/20190329_094556-scaled.jpg\" data-object-fit=\"cover\" srcset=\"https:\/\/ergo-vannes.fr\/wp-content\/uploads\/2024\/04\/20190329_094556-scaled.jpg 2560w, https:\/\/ergo-vannes.fr\/wp-content\/uploads\/2024\/04\/20190329_094556-300x169.jpg 300w, https:\/\/ergo-vannes.fr\/wp-content\/uploads\/2024\/04\/20190329_094556-1024x576.jpg 1024w, https:\/\/ergo-vannes.fr\/wp-content\/uploads\/2024\/04\/20190329_094556-768x432.jpg 768w, https:\/\/ergo-vannes.fr\/wp-content\/uploads\/2024\/04\/20190329_094556-1536x864.jpg 1536w, https:\/\/ergo-vannes.fr\/wp-content\/uploads\/2024\/04\/20190329_094556-2048x1152.jpg 2048w\" sizes=\"auto, (max-width: 2560px) 100vw, 2560px\" \/><div class=\"wp-block-cover__inner-container has-global-padding is-layout-constrained wp-container-core-cover-is-layout-08e95c49 wp-block-cover-is-layout-constrained\">\n<div class=\"wp-block-group is-vertical is-content-justification-center is-nowrap is-layout-flex wp-container-core-group-is-layout-36c4bdba wp-block-group-is-layout-flex\" style=\"margin-top:0px;padding-top:0rem;padding-right:1rem;padding-bottom:0rem;padding-left:1rem;font-size:clamp(0.875rem, 0.875rem + ((1vw - 0.2rem) * 0.464), 1.13rem);font-style:normal;font-weight:400;line-height:1.4\">\n<div class=\"wp-block-group has-background has-global-padding is-layout-constrained wp-container-core-group-is-layout-1a95df51 wp-block-group-is-layout-constrained\" style=\"background-color:#fffffd;padding-top:4.21rem;padding-right:2.51rem;padding-bottom:4.51rem;padding-left:2.51rem\">\n<h2 class=\"wp-block-heading has-text-align-center has-text-color has-suranna-font-family\" style=\"color:#010101;margin-bottom:0rem;font-size:clamp(1.888rem, 1.888rem + ((1vw - 0.2rem) * 2.585), 3.31rem);font-style:normal;font-weight:400;line-height:1.2\">T\u00e9moignages de clients<\/h2>\n\n\n\n<p class=\"has-text-align-center has-text-color has-outfit-font-family\" style=\"color:#010101;font-size:clamp(0.875rem, 0.875rem + ((1vw - 0.2rem) * 0.609), 1.21rem);line-height:1.5\">Une exp\u00e9rience qui change la vie ! Leur approche est vraiment remarquable. Mon enfant a fait des progr\u00e8s incroyables et a retrouv\u00e9 confiance en lui. Je le recommande vivement !<\/p>\n\n\n\n<p class=\"has-text-align-center has-text-color has-link-color has-outfit-font-family wp-elements-ea7bfb4e6999936f1928a2bef14f5485\" style=\"color:#000000;margin-top:2.01rem;font-size:clamp(0.879rem, 0.879rem + ((1vw - 0.2rem) * 0.784), 1.31rem);font-style:normal;font-weight:500;text-transform:uppercase\">Sophie S.<\/p>\n<\/div>\n<\/div>\n<\/div><\/section>\n\n\n\n<section class=\"wp-block-group alignfull has-text-color has-global-padding is-layout-constrained wp-container-core-group-is-layout-68a273fd wp-block-group-is-layout-constrained\" style=\"color:#010101;margin-top:0px;padding-top:5.01rem;padding-right:1rem;padding-bottom:4.01rem;padding-left:1rem;font-size:clamp(0.875rem, 0.875rem + ((1vw - 0.2rem) * 0.464), 1.13rem);font-style:normal;font-weight:400;line-height:1.4\">\n<h2 class=\"wp-block-heading has-text-align-center has-text-color\" style=\"color:#010101;margin-top:0.51rem;margin-bottom:1.01rem;font-size:clamp(2.026rem, 2.026rem + ((1vw - 0.2rem) * 2.88), 3.61rem);font-style:normal;font-weight:500;line-height:1.3\">Nos offres<\/h2>\n\n\n\n<div class=\"wp-block-columns is-layout-flex wp-container-core-columns-is-layout-686e267c wp-block-columns-is-layout-flex\" style=\"margin-bottom:0px\">\n<div class=\"wp-block-column has-global-padding is-layout-constrained wp-container-core-column-is-layout-92d29198 wp-block-column-is-layout-constrained\" style=\"padding-top:0px;padding-bottom:0px;padding-left:0rem\">\n<div class=\"wp-block-group has-text-color has-background is-vertical is-content-justification-center is-layout-flex wp-container-core-group-is-layout-54950a31 wp-block-group-is-layout-flex\" style=\"color:#010101;background-color:#fffffd;padding-top:1.01rem;padding-right:1.51rem;padding-bottom:1.01rem;padding-left:1.51rem\">\n<h3 class=\"wp-block-heading has-text-align-center has-text-color has-link-color wp-elements-80cfbac4ec8f28c035fdf224cabc7114\" style=\"color:#010101;font-size:clamp(0.99rem, 0.99rem + ((1vw - 0.2rem) * 0.945), 1.51rem);text-decoration:none\">Easy Financing<\/h3>\n\n\n\n<p class=\"has-text-align-center has-text-color\" style=\"color:#010101;margin-top:0rem;margin-bottom:1.01rem;font-size:clamp(0.875rem, 0.875rem + ((1vw - 0.2rem) * 0.045), 0.9rem);line-height:1.5\">Donec iaculis pulvinar ex sed faucibus. Nulla facilisi.<\/p>\n<\/div>\n<\/div>\n\n\n\n<div class=\"wp-block-column has-global-padding is-layout-constrained wp-container-core-column-is-layout-92d29198 wp-block-column-is-layout-constrained\" style=\"padding-top:0px;padding-bottom:0px;padding-left:0rem\">\n<div class=\"wp-block-group has-text-color has-background is-vertical is-content-justification-center is-layout-flex wp-container-core-group-is-layout-54950a31 wp-block-group-is-layout-flex\" style=\"color:#010101;background-color:#fffffd;padding-top:1.01rem;padding-right:1.51rem;padding-bottom:1.01rem;padding-left:1.51rem\">\n<h3 class=\"wp-block-heading has-text-align-center has-text-color has-link-color wp-elements-6350ccf39229deb7415a8ba6f753c49c\" style=\"color:#010101;font-size:clamp(0.99rem, 0.99rem + ((1vw - 0.2rem) * 0.945), 1.51rem);text-decoration:none\">Award Winning<\/h3>\n\n\n\n<p class=\"has-text-align-center has-text-color\" style=\"color:#010101;margin-top:0rem;margin-bottom:1.01rem;font-size:clamp(0.875rem, 0.875rem + ((1vw - 0.2rem) * 0.045), 0.9rem);line-height:1.5\">Donec iaculis pulvinar ex sed faucibus. Nulla facilisi.<\/p>\n<\/div>\n<\/div>\n\n\n\n<div class=\"wp-block-column has-global-padding is-layout-constrained wp-container-core-column-is-layout-92d29198 wp-block-column-is-layout-constrained\" style=\"padding-top:0px;padding-bottom:0px;padding-left:0rem\">\n<div class=\"wp-block-group has-text-color has-background is-vertical is-content-justification-center is-layout-flex wp-container-core-group-is-layout-54950a31 wp-block-group-is-layout-flex\" style=\"color:#010101;background-color:#fffffd;padding-top:1.01rem;padding-right:1.51rem;padding-bottom:1.01rem;padding-left:1.51rem\">\n<h3 class=\"wp-block-heading has-text-align-center has-text-color has-link-color wp-elements-60b0adee055b11ad6cbb4655d1ce817c\" style=\"color:#010101;font-size:clamp(0.99rem, 0.99rem + ((1vw - 0.2rem) * 0.945), 1.51rem);text-decoration:none\">Licensed<\/h3>\n\n\n\n<p class=\"has-text-align-center has-text-color\" style=\"color:#010101;margin-top:0rem;margin-bottom:1.01rem;font-size:clamp(0.875rem, 0.875rem + ((1vw - 0.2rem) * 0.045), 0.9rem);line-height:1.5\">Donec iaculis pulvinar ex sed faucibus. Nulla facilisi.<\/p>\n<\/div>\n<\/div>\n\n\n\n<div class=\"wp-block-column has-global-padding is-layout-constrained wp-container-core-column-is-layout-92d29198 wp-block-column-is-layout-constrained\" style=\"padding-top:0px;padding-bottom:0px;padding-left:0rem\">\n<div class=\"wp-block-group has-text-color has-background is-vertical is-content-justification-center is-layout-flex wp-container-core-group-is-layout-54950a31 wp-block-group-is-layout-flex\" style=\"color:#010101;background-color:#fffffd;padding-top:1.01rem;padding-right:1.51rem;padding-bottom:1.01rem;padding-left:1.51rem\">\n<h3 class=\"wp-block-heading has-text-align-center has-text-color has-link-color wp-elements-5f8a0ca40ecb6efd7db22edae74cad95\" style=\"color:#010101;font-size:clamp(0.99rem, 0.99rem + ((1vw - 0.2rem) * 0.945), 1.51rem);text-decoration:none\">Affordable<\/h3>\n\n\n\n<p class=\"has-text-align-center has-text-color\" style=\"color:#010101;margin-top:0rem;margin-bottom:1.01rem;font-size:clamp(0.875rem, 0.875rem + ((1vw - 0.2rem) * 0.045), 0.9rem);line-height:1.5\">Donec iaculis pulvinar ex sed faucibus. Nulla facilisi.<\/p>\n<\/div>\n<\/div>\n<\/div>\n<\/section>\n\n\n\n<section class=\"wp-block-cover alignfull is-light\" style=\"margin-top:0px;padding-top:1.01rem;padding-bottom:1.01rem;min-height:650px;aspect-ratio:unset;\"><span aria-hidden=\"true\" class=\"wp-block-cover__background has-background-dim-0 has-background-dim\" style=\"background-color:#edf1f2\"><\/span><img loading=\"lazy\" decoding=\"async\" width=\"1280\" height=\"791\" class=\"wp-block-cover__image-background wp-image-109\" alt=\"\" src=\"https:\/\/ergo-vannes.fr\/wp-content\/uploads\/2024\/04\/balles-a-picots-1.jpg\" data-object-fit=\"cover\" srcset=\"https:\/\/ergo-vannes.fr\/wp-content\/uploads\/2024\/04\/balles-a-picots-1.jpg 1280w, https:\/\/ergo-vannes.fr\/wp-content\/uploads\/2024\/04\/balles-a-picots-1-300x185.jpg 300w, https:\/\/ergo-vannes.fr\/wp-content\/uploads\/2024\/04\/balles-a-picots-1-1024x633.jpg 1024w, https:\/\/ergo-vannes.fr\/wp-content\/uploads\/2024\/04\/balles-a-picots-1-768x475.jpg 768w\" sizes=\"auto, (max-width: 1280px) 100vw, 1280px\" \/><div class=\"wp-block-cover__inner-container has-global-padding is-layout-constrained wp-container-core-cover-is-layout-08e95c49 wp-block-cover-is-layout-constrained\">\n<div class=\"wp-block-group has-text-color is-layout-flow wp-block-group-is-layout-flow\" style=\"color:#fffffd;margin-top:0px;padding-top:0rem;padding-right:1rem;padding-bottom:0rem;padding-left:1rem;font-size:clamp(0.875rem, 0.875rem + ((1vw - 0.2rem) * 0.464), 1.13rem);font-style:normal;font-weight:400;line-height:1.4\">\n<div class=\"wp-block-group has-global-padding is-layout-constrained wp-container-core-group-is-layout-92ef7b19 wp-block-group-is-layout-constrained\">\n<h2 class=\"wp-block-heading has-text-align-center has-text-color\" style=\"color:#fffffd;margin-bottom:0rem;font-size:clamp(2.336rem, 2.336rem + ((1vw - 0.2rem) * 3.589), 4.31rem);font-style:normal;font-weight:400;line-height:1.2\">Unveiling the Secrets of Panoramic Views<\/h2>\n<\/div>\n\n\n\n<div class=\"wp-block-group is-vertical is-content-justification-stretch is-nowrap is-layout-flex wp-container-core-group-is-layout-91171fc4 wp-block-group-is-layout-flex\" style=\"margin-top:1.51rem;padding-right:0px;padding-left:0px\">\n<div class=\"wp-block-group has-global-padding is-content-justification-center is-layout-constrained wp-container-core-group-is-layout-2f0bcb29 wp-block-group-is-layout-constrained\" style=\"margin-top:0px\">\n<div class=\"wp-block-buttons is-horizontal is-content-justification-right is-layout-flex wp-container-core-buttons-is-layout-099266fd wp-block-buttons-is-layout-flex\" style=\"margin-top:0.51rem\">\n<div class=\"wp-block-button has-custom-width wp-block-button__width-100 has-custom-font-size is-style-fill\" style=\"font-size:clamp(0.875rem, 0.875rem + ((1vw - 0.2rem) * 0.245), 1.01rem);font-style:normal;font-weight:600;line-height:1.5;text-transform:capitalize\"><a class=\"wp-block-button__link has-text-color has-background wp-element-button\" style=\"border-style:none;border-width:0px;border-radius:0rem;color:#fffffd;background-color:#528d8e;padding-top:0.81rem;padding-right:1rem;padding-bottom:0.81rem;padding-left:1rem\">GET STARTED<\/a><\/div>\n<\/div>\n<\/div>\n<\/div>\n<\/div>\n<\/div><\/section>\n\n\n\n<p><\/p>\n","protected":false},"excerpt":{"rendered":"<p>Notre histoire Notre passion est d&rsquo;aider les personnes de tous \u00e2ges \u00e0 vivre pleinement leur vie. Notre \u00e9quipe d&rsquo;ergoth\u00e9rapeutes d\u00e9vou\u00e9s en Bretagne, plus pr\u00e9cis\u00e9ment \u00e0 Vannes et dans les environs, s&rsquo;engage \u00e0 fournir un soutien sur mesure et des strat\u00e9gies pour aider les enfants, les adolescents et les adultes \u00e0 surmonter tous les d\u00e9fis auxquels [&hellip;]<\/p>\n","protected":false},"author":3,"featured_media":0,"parent":0,"menu_order":0,"comment_status":"closed","ping_status":"closed","template":"","meta":{"inline_featured_image":false,"footnotes":""},"class_list":["post-18","page","type-page","status-publish","hentry"],"_links":{"self":[{"href":"https:\/\/ergo-vannes.fr\/index.php\/wp-json\/wp\/v2\/pages\/18","targetHints":{"allow":["GET"]}}],"collection":[{"href":"https:\/\/ergo-vannes.fr\/index.php\/wp-json\/wp\/v2\/pages"}],"about":[{"href":"https:\/\/ergo-vannes.fr\/index.php\/wp-json\/wp\/v2\/types\/page"}],"author":[{"embeddable":true,"href":"https:\/\/ergo-vannes.fr\/index.php\/wp-json\/wp\/v2\/users\/3"}],"replies":[{"embeddable":true,"href":"https:\/\/ergo-vannes.fr\/index.php\/wp-json\/wp\/v2\/comments?post=18"}],"version-history":[{"count":7,"href":"https:\/\/ergo-vannes.fr\/index.php\/wp-json\/wp\/v2\/pages\/18\/revisions"}],"predecessor-version":[{"id":135,"href":"https:\/\/ergo-vannes.fr\/index.php\/wp-json\/wp\/v2\/pages\/18\/revisions\/135"}],"wp:attachment":[{"href":"https:\/\/ergo-vannes.fr\/index.php\/wp-json\/wp\/v2\/media?parent=18"}],"curies":[{"name":"wp","href":"https:\/\/api.w.org\/{rel}","templated":true}]}}